133. Give s(-11).
-23
Let t(g) = g**3 + 30*g**2 - 15*g + 555. Calculate t(-31).
59
Let l(u) = -u**3 + 29*u**2 - 204*u - 65. Give l(16).
-1
Let h(o) = 12*o**2 + o - 2. What is h(1)?
11
Let j(p) = -24*p + 989. Give j(41).
5
Let s(v) = -45*v**2 - 352*v + 43. What is s(-8)?
-21
Let v(y) = -6*y**3 - 71*y**2 + 10*y + 3. What is v(-12)?
27
Let s(r) = -2*r**2 + 35*r - 59. Determine s(14).
39
Let v(l) = l**2 - 478*l + 4224. What is v(9)?
3
Let m(u) = u**2 + u - 24. What is m(-9)?
48
Let n(a) = -a**3 - 8*a**2 + 12*a + 125. Calculate n(-7).
-8
Let b(t) = t**3 + 40*t**2 - 44*t - 74. Give b(-41).
49
Let c(h) = 10*h**2 + 6*h + 34. Calculate c(-4).
170
Let u(m) = -m**3 - 6*m**2 - 3*m + 16. Calculate u(-4).
-4
Let m(s) = -200*s - 44191. Calculate m(-221).
9
Let z(u) = -u**3 - 8*u**2 - 20*u - 6. Determine z(-7).
85
Let p(k) = -37*k - 123. What is p(-8)?
173
Let m(a) = 137*a - 3587. Determine m(27).
112
Let h(s) = -s**3 + 16*s**2 + 4*s + 3. Calculate h(16).
67
Let q(l) = -137*l + 155. Give q(1).
18
Let h(a) = -6*a**2 - 77*a + 8. Give h(-13).
-5
Let r(l) = 74*l + 4052. Calculate r(-55).
-18
Let f(y) = -12*y**2 + 56*y - 6. Give f(5).
-26
Let k(y) = 966*y + 18355. Give k(-19).
1
Let w(i) = -i**3 + 22*i**2 + 91*i - 337. Calculate w(25).
63
Let n(r) = -r**2 + 54*r + 47. Calculate n(55).
-8
Let j(i) = -i**3 + 2*i**2 + 10*i - 3. What is j(-3)?
12
Let y(t) = 6*t**2 - 27*t + 38. What is y(4)?
26
Let r(b) = b**2 - 30*b - 1146. What is r(-22)?
-2
Let m(p) = 44*p + 1588. Calculate m(-36).
4
Let d(j) = j**2 - 682*j + 8033. Calculate d(12).
-7
Let d(n) = -63*n + 537. Give d(9).
-30
Let u(k) = 10*k + 79. What is u(-8)?
-1
Let z(u) = -u**2 + 28*u + 4408. Determine z(82).
-20
Let z(d) = 30*d + 1. Give z(-3).
-89
Let x(p) = -p**3 + 20*p**2 - 72*p + 22. What is x(15)?
67
Let g(r) = -r**3 - 19*r**2 - 6*r - 4. What is g(-15)?
-814
Let q(m) = 3*m**2 + 109*m + 77. Determine q(-35).
-63
Let v(t) = 2*t**2 - 38*t - 153. Give v(22).
-21
Let y(f) = f**2 + 44*f + 133. Determine y(-8).
-155
Let s(k) = -k**3 + k**2 - 15*k + 56. What is s(0)?
56
Let r(k) = 153*k**2 + 37*k - 37. What is r(1)?
153
Let m(g) = -g**3 - 22*g**2 - 101*g - 28. Give m(-6).
2
Let d(u) = -u**2 + 158*u + 2228. Give d(-13).
5
Let s(l) = 5*l - 43. Calculate s(-23).
-158
Let w(s) = 5*s**2 - 437*s - 4135. What is w(96)?
-7
Let m(h) = 4*h**3 + 156*h**2 + 49*h + 1916. Give m(-39).
5
Let f(v) = 10*v**3 + 15*v**2 - 9. Give f(-2).
-29
Let v(y) = y**2 + 130*y - 1400. Calculate v(10).
0
Let r(a) = 44*a + 539. What is r(-11)?
55
Let g(t) = 2*t**2 + 52*t + 245. Determine g(-7).
-21
Let h(j) = 44*j - 2366. What is h(54)?
10
Let x(w) = -54*w + 4786. What is x(89)?
-20
Let t(g) = g**3 + 78*g**2 - 414*g + 70. Give t(-83).
-13
Let o(z) = -245*z + 6652. What is o(27)?
37
Let d(k) = k**3 - 61*k**2 + k - 74. Calculate d(61).
-13
Let f(t) = -t**2 + 12. Determine f(3).
3
Let o(a) = a**2 + 14*a - 154. Calculate o(7).
-7
Let f(n) = 2*n**2 + 7*n - 206. Determine f(0).
-206
Let q(r) = 4*r**3 + 58*r**2 - 23*r + 132. Determine q(-15).
27
Let g(o) = 147*o - 14988. What is g(102)?
6
Let w(b) = b**3 + 4*b**2 - 7*b + 23. What is w(-6)?
-7
Let h(o) = -39*o + 483. Calculate h(12).
15
Let d(q) = -8*q + 30. Determine d(11).
-58
Let v(a) = 80*a - 1023. What is v(13)?
17
Let d(u) = -795*u + 42138. Determine d(53).
3
Let f(l) = -7*l**2 + 892*l + 473. Calculate f(128).
-39
Let a(w) = w**3 - 6*w**2 - 27*w + 33. Determine a(8).
-55
Let s(u) = -u**2 + 344*u + 9. Give s(0).
9
Let g(h) = -2*h**2 + 37*h - 58. Determine g(18).
-40
Let b(f) = -2*f**2 - 86*f - 44. Determine b(-39).
268
Let z(s) = -5*s**2 + 65*s - 106. Give z(11).
4
Let h(u) = -u**3 - 14*u**2 - 31*u - 146. Give h(-12).
-62
Let x(y) = 83*y + 202. Calculate x(-3).
-47
Let t(k) = -k**2 - 11*k + 20. Determine t(-7).
48
Let y(n) = -2896*n + 8676. Determine y(3).
-12
Let v(j) = 4*j**3 + 2*j**2 + 2*j + 31. Give v(0).
31
Let m(c) = 787*c + 3937. Give m(-5).
2
Let a(i) = i**3 - 2*i**2 + 3*i + 32. Calculate a(0).
32
Let w(d) = 2*d**3 - d**2 - 17*d + 5. What is w(5)?
145
Let p(d) = -7*d**3 - 105*d**2 - 14*d - 210. What is p(-15)?
0
Let q(f) = -f**2 + 136*f + 1005. Calculate q(-7).
4
Let i(y) = 3*y**2 - 30*y + 21. Determine i(12).
93
Let g(n) = -n**2 + 364*n + 101561. Determine g(-185).
-4
Let f(r) = 4616*r + 18448. Determine f(-4).
-16
Let g(z) = 485*z - 30075. What is g(62)?
-5
Let x(r) = 252*r - 769. Determine x(3).
-13
Let g(j) = -2*j**3 + 75*j**2 - 42*j + 185. Calculate g(37).
0
Let z(i) = 2*i**2 - 142*i - 1049. Determine z(78).
43
Let i(d) = 8*d - 114. What is i(42)?
222
Let i(f) = 57*f - 134. What is i(0)?
-134
Let y(g) = -g**2 - 56*g - 562. Calculate y(-10).
-102
Let a(o) = -o**2 - 27*o + 240. Determine a(-34).
2
Let p(h) = -6*h**2 + 728*h + 5401. Give p(-7).
11
Let g(p) = p**2 + 35*p - 25. Determine g(-36).
11
Let g(j) = j**2 - 14*j - 71. Give g(21).
76
Let r(g) = -44*g**2 + 212*g - 224. Calculate r(3).
16
Let f(p) = 2*p**3 + 67*p**2 - 34*p - 38. What is f(-34)?
-38
Let z(x) = x**3 - 13*x**2 - 172*x - 51. Determine z(-8).
-19
Let x(j) = 16*j**3 - 511*j**2 - 31*j - 85. Determine x(32).
-53
Let n(s) = -1392*s + 8303. Calculate n(6).
-49
Let x(d) = -8*d**2 + 76*d - 26. What is x(9)?
10
Let f(v) = 367*v + 3075. Determine f(-9).
-228
Let q(p) = p**3 - 12*p**2 - 16*p - 82. What is q(13)?
-121
Let t(i) = -4*i**3 + 681*i**2 - 173*i + 490. Give t(170).
-20
Let j(g) = 73*g + 11. What is j(-4)?
-281
Let l(g) = 21*g + 311. Calculate l(-14).
17
Let t(l) = 728*l + 2164. Give t(-3).
-20
Let b(r) = -2*r**3 + 26*r**2 - 63*r + 17. Give b(10).
-13
Let i(c) = -c**3 + 343*c**2 - 1701*c + 56. What is i(5)?
1
Let v(s) = -10*s**2 - 752*s - 116. What is v(-75)?
34
Let j(q) = -2*q**3 - 16*q**2 - 92*q - 409. Give j(-6).
-1
Let c(v) = -9*v**2 + 500*v + 2408. What is c(60)?
8
Let i(m) = 3*m**2 + 9*m - 99. Determine i(9).
225
Let u(o) = o**3 - 76*o**2 + 71*o + 344. Determine u(75).
44
Let x(p) = -47*p**2 + 61*p + 2. What is x(1)?
16
Let g(j) = 3*j**3 + 58*j**2 + 35*j + 301. What is g(-19)?
-3
Let o(t) = -14*t**2 + 171*t + 173. Calculate o(-1).
-12
Let k(r) = 759*r + 148. Determine k(0).
148
Let x(q) = 10*q + 143. Give x(-13).
13
Let o(u) = 3*u**3 + 93*u**2 + 254*u + 64. Determine o(-28).
8
Let m(t) = -366*t - 723. What is m(-2)?
9
Let r(d) = -24*d - 465. Calculate r(-19).
-9
Let u(h) = 23*h + 6. Determine u(-3).
-63
Let n(y) = 2*y**2 - 225*y - 105. Give n(113).
8
Let m(z) = -16*z**3 - 10*z**2 - 8*z + 2. What is m(-1)?
16
Let a(z) = z**2 + 714*z - 6507. Give a(9).
0
Let l(c) = -c**2 + 1291*c - 16620. Determine l(13).
-6
Let q(v) = v**3 - 26*v**2 + 22*v + 55. Determine q(25).
-20
Let d(x) = -x**3 + 206*x**2 - 3213*x - 5. Give d(17).
-5
Let a(i) = 401*i + 3218. Calculate a(-8).
10
Let y(j) = 424*j + 2961. What is y(-7)?
-7
Let j(b) = b**2 - 990*b - 4974. Determine j(-5).
1
Let x(c) = -67*c + 729. Determine x(9).
126
Let r(l) = 4*l**3 + 20*l**2 - 34*l - 5. What is r(-7)?
-159
Let o(i) = -4*i**3 - 2*i**2 + 80*i - 14. Calculate o(-5).
36
Let u(x) = -2*x**2 + 137*x - 88. Determine u(68).
-20
Let o(t) = -t**3 - 16*t**2 - 3*t - 14. Determine o(-16).
34
Let l(r) = -r**3 + 16*r**2 - 61*r - 18. Calculate l(7).
-4
Let x(j) = 4*j + 115. Give x(-30).
-5
Let b(m) = -423*m - 8009. What is b(-19)?
28
Let k(x) = -502*x + 610. Give k(2).
-394
Let o(p) = 126*p + 363. Calculate o(-3).
-15
Let f(u) = -26*u**2 + 172*u + 58. Give f(7).
-12
Let y(h) = 4*h**2 + 16*h - 53. Determine y(4).
75
Let f(y) = -y**3 + 16*y**2 + 24*y + 139. Determine f(18).
-77
Let l(t) = 6*t**2 - 39*t + 8. Determine l(11).
305
Let k(s) = 2*s**3 + 39*s**2 + 164*s - 254. What is k(-11)?
-1
Let w(y) = -y**2 + 6956*y + 90595. What is w(-13)?
-2
Let x(s) = 1909*s + 7641. Give x(-4).
5
Let t(v) = 394*v - 90608. What is t(230)?
12
Let t(r) = r**3 - 5*r**2 + 19*r - 134. What is t(6)?
16
Let y(v) = v**2 + 28*v - 127. Give y(4).
1
Let h(l) = -l**3 - 25*l**2 - 36*l + 91. Determine h(-24).
379
Let a(y) = -2*y**3 + 43*y**2 + 24*y - 4. Calculate a(22).
40
Let q(p) = p**3 + 20*p**2 + 53*p + 1566. Give q(-21).
12
Let l(w) = -32*w - 2717. Calculate l(-85).
3
Let x(j) = 359*j - 11496. Determine x(32).
-8
Let t(j) = -j**3 - 5*j**2 - 7*j - 30. Determine t(-6).
48
Let f(p) = -p**2 - 69*p + 3144. Give f(31).
44
Let w(k) = -k**3 - 18*k**2 - 90*k - 88. Calculate w(-9).
-7
Let m(k) = -9*k - 82. What is m(-9)